{"id":281,"date":"2019-09-22T11:03:49","date_gmt":"2019-09-22T14:03:49","guid":{"rendered":"http:\/\/infochoice.com.br\/site\/?page_id=281"},"modified":"2026-04-03T11:09:04","modified_gmt":"2026-04-03T14:09:04","slug":"revenda-ibm","status":"publish","type":"page","link":"https:\/\/infochoice.com.br\/site\/index.php\/revenda-ibm\/","title":{"rendered":"Revenda e Parceiro IBM"},"content":{"rendered":"<h3 data-section-id=\"1gzrvbh\" data-start=\"404\" data-end=\"511\"><strong data-start=\"408\" data-end=\"511\">Parceria com a IBM \u2013 Cloud H\u00edbrida, Governan\u00e7a e Intelig\u00eancia para Ambientes Corporativos Complexos<\/strong><\/h3>\n<p data-start=\"513\" data-end=\"658\">Nem toda transforma\u00e7\u00e3o digital come\u00e7a do zero.<br data-start=\"559\" data-end=\"562\" \/>Na verdade, a maioria come\u00e7a com sistemas j\u00e1 existentes, processos cr\u00edticos e alta complexidade.<\/p>\n<p data-start=\"660\" data-end=\"870\">A InfoChoice, em parceria com a IBM, entrega uma abordagem de cloud focada em <strong data-start=\"738\" data-end=\"801\">integra\u00e7\u00e3o, governan\u00e7a e evolu\u00e7\u00e3o de ambientes corporativos<\/strong>, conectando legado, dados e intelig\u00eancia em uma arquitetura moderna.<\/p>\n<hr data-start=\"872\" data-end=\"875\" \/>\n<h3 data-section-id=\"1hohlko\" data-start=\"877\" data-end=\"937\"><strong data-start=\"881\" data-end=\"937\">O desafio real: modernizar sem interromper o neg\u00f3cio<\/strong><\/h3>\n<p data-start=\"939\" data-end=\"984\">Grandes organiza\u00e7\u00f5es enfrentam desafios como:<\/p>\n<ul data-start=\"986\" data-end=\"1215\">\n<li data-section-id=\"130kbzc\" data-start=\"986\" data-end=\"1040\">\n<p data-start=\"988\" data-end=\"1040\">Sistemas legados cr\u00edticos e dif\u00edceis de substituir<\/p>\n<\/li>\n<li data-section-id=\"16g675n\" data-start=\"1041\" data-end=\"1082\">\n<p data-start=\"1043\" data-end=\"1082\">Ambientes h\u00edbridos e pouco integrados<\/p>\n<\/li>\n<li data-section-id=\"wz014o\" data-start=\"1083\" data-end=\"1126\">\n<p data-start=\"1085\" data-end=\"1126\">Exig\u00eancias regulat\u00f3rias e de compliance<\/p>\n<\/li>\n<li data-section-id=\"bw8a43\" data-start=\"1127\" data-end=\"1177\">\n<p data-start=\"1129\" data-end=\"1177\">Dificuldade em migrar para cloud com seguran\u00e7a<\/p>\n<\/li>\n<li data-section-id=\"oq1o9l\" data-start=\"1178\" data-end=\"1215\">\n<p data-start=\"1180\" data-end=\"1215\">Baixa flexibilidade para inova\u00e7\u00e3o<\/p>\n<\/li>\n<\/ul>\n<p data-start=\"1217\" data-end=\"1227\">Resultado:<\/p>\n<p data-start=\"1229\" data-end=\"1342\">\ud83d\udc49 alto risco operacional<br data-start=\"1254\" data-end=\"1257\" \/>\ud83d\udc49 baixa agilidade<br data-start=\"1275\" data-end=\"1278\" \/>\ud83d\udc49 dificuldade de evoluir<br data-start=\"1303\" data-end=\"1306\" \/>\ud83d\udc49 aumento de custos de manuten\u00e7\u00e3o<\/p>\n<hr data-start=\"1344\" data-end=\"1347\" \/>\n<h3 data-section-id=\"1gmyemd\" data-start=\"1349\" data-end=\"1389\"><strong data-start=\"1353\" data-end=\"1389\">O que \u00e9 a IBM Cloud (na pr\u00e1tica)<\/strong><\/h3>\n<p data-start=\"1391\" data-end=\"1440\">A IBM oferece uma abordagem de cloud centrada em:<\/p>\n<ul data-start=\"1442\" data-end=\"1641\">\n<li data-section-id=\"g12o7x\" data-start=\"1442\" data-end=\"1472\">\n<p data-start=\"1444\" data-end=\"1472\">Cloud h\u00edbrida e multicloud<\/p>\n<\/li>\n<li data-section-id=\"6y4a28\" data-start=\"1473\" data-end=\"1508\">\n<p data-start=\"1475\" data-end=\"1508\">Integra\u00e7\u00e3o com sistemas legados<\/p>\n<\/li>\n<li data-section-id=\"1voofgk\" data-start=\"1509\" data-end=\"1547\">\n<p data-start=\"1511\" data-end=\"1547\">Seguran\u00e7a e governan\u00e7a corporativa<\/p>\n<\/li>\n<li data-section-id=\"xqs8u8\" data-start=\"1548\" data-end=\"1598\">\n<p data-start=\"1550\" data-end=\"1598\">Plataformas de dados e intelig\u00eancia artificial<\/p>\n<\/li>\n<li data-section-id=\"17tnbbk\" data-start=\"1599\" data-end=\"1641\">\n<p data-start=\"1601\" data-end=\"1641\">Automa\u00e7\u00e3o e moderniza\u00e7\u00e3o de aplica\u00e7\u00f5es<\/p>\n<\/li>\n<\/ul>\n<p data-start=\"1643\" data-end=\"1753\">Seu grande diferencial est\u00e1 na capacidade de conectar o que j\u00e1 existe com o que precisa evoluir, sem rupturas.<\/p>\n<hr data-start=\"1755\" data-end=\"1758\" \/>\n<h3 data-section-id=\"1u4d1um\" data-start=\"1760\" data-end=\"1804\"><strong data-start=\"1764\" data-end=\"1804\">Como a InfoChoice potencializa a IBM<\/strong><\/h3>\n<p data-start=\"1806\" data-end=\"1859\">Nosso papel \u00e9 transformar complexidade em estrat\u00e9gia:<\/p>\n<h4 data-start=\"1861\" data-end=\"1903\">\ud83d\udd39 Arquitetura h\u00edbrida e multicloud<\/h4>\n<p data-start=\"1904\" data-end=\"1963\">Integramos ambientes on-premises, cloud e sistemas legados.<\/p>\n<h4 data-start=\"1965\" data-end=\"2001\">\ud83d\udd39 Moderniza\u00e7\u00e3o de aplica\u00e7\u00f5es<\/h4>\n<p data-start=\"2002\" data-end=\"2067\">Evolu\u00edmos sistemas existentes sem comprometer opera\u00e7\u00f5es cr\u00edticas.<\/p>\n<h4 data-start=\"2069\" data-end=\"2102\">\ud83d\udd39 Governan\u00e7a e compliance<\/h4>\n<p data-start=\"2103\" data-end=\"2158\">Garantimos controle, seguran\u00e7a e ader\u00eancia regulat\u00f3ria.<\/p>\n<h4 data-start=\"2160\" data-end=\"2195\">\ud83d\udd39 Integra\u00e7\u00e3o com dados e IA<\/h4>\n<p data-start=\"2196\" data-end=\"2260\">Conectamos cloud com todo o ecossistema de dados e intelig\u00eancia.<\/p>\n<h4 data-start=\"2262\" data-end=\"2306\">\ud83d\udd39 Automa\u00e7\u00e3o e efici\u00eancia operacional<\/h4>\n<p data-start=\"2307\" data-end=\"2357\">Reduzimos complexidade e aumentamos produtividade.<\/p>\n<hr data-start=\"2359\" data-end=\"2362\" \/>\n<h3 data-section-id=\"1oitjjf\" data-start=\"2364\" data-end=\"2416\"><strong data-start=\"2368\" data-end=\"2416\">Capacidades que sustentam ambientes cr\u00edticos<\/strong><\/h3>\n<p data-start=\"2418\" data-end=\"2446\">Com a IBM, sua empresa pode:<\/p>\n<ul data-start=\"2448\" data-end=\"2683\">\n<li data-section-id=\"vah3cl\" data-start=\"2448\" data-end=\"2497\">\n<p data-start=\"2450\" data-end=\"2497\">Modernizar sistemas sem interromper opera\u00e7\u00f5es<\/p>\n<\/li>\n<li data-section-id=\"1pkk7j\" data-start=\"2498\" data-end=\"2544\">\n<p data-start=\"2500\" data-end=\"2544\">Operar em ambientes h\u00edbridos com seguran\u00e7a<\/p>\n<\/li>\n<li data-section-id=\"n1dmh6\" data-start=\"2545\" data-end=\"2581\">\n<p data-start=\"2547\" data-end=\"2581\">Garantir governan\u00e7a e compliance<\/p>\n<\/li>\n<li data-section-id=\"1l0ehi9\" data-start=\"2582\" data-end=\"2634\">\n<p data-start=\"2584\" data-end=\"2634\">Integrar dados e aplica\u00e7\u00f5es de forma consistente<\/p>\n<\/li>\n<li data-section-id=\"1i88gyc\" data-start=\"2635\" data-end=\"2683\">\n<p data-start=\"2637\" data-end=\"2683\">Preparar a base para intelig\u00eancia artificial<\/p>\n<\/li>\n<\/ul>\n<p data-start=\"2685\" data-end=\"2794\">A abordagem h\u00edbrida permite evoluir de forma gradual, reduzindo riscos e garantindo continuidade operacional.<\/p>\n<hr data-start=\"2796\" data-end=\"2799\" \/>\n<h3 data-section-id=\"da0wio\" data-start=\"2801\" data-end=\"2835\"><strong data-start=\"2805\" data-end=\"2835\">Onde a IBM gera mais valor<\/strong><\/h3>\n<ul data-start=\"2837\" data-end=\"3035\">\n<li data-section-id=\"nsy8ov\" data-start=\"2837\" data-end=\"2873\">\n<p data-start=\"2839\" data-end=\"2873\">Ambientes corporativos complexos<\/p>\n<\/li>\n<li data-section-id=\"3iztl9\" data-start=\"2874\" data-end=\"2924\">\n<p data-start=\"2876\" data-end=\"2924\">Setores regulados (financeiro, sa\u00fade, governo)<\/p>\n<\/li>\n<li data-section-id=\"i3ikdb\" data-start=\"2925\" data-end=\"2961\">\n<p data-start=\"2927\" data-end=\"2961\">Moderniza\u00e7\u00e3o de sistemas legados<\/p>\n<\/li>\n<li data-section-id=\"19vts9b\" data-start=\"2962\" data-end=\"2999\">\n<p data-start=\"2964\" data-end=\"2999\">Estrat\u00e9gias h\u00edbridas e multicloud<\/p>\n<\/li>\n<li data-section-id=\"4clcu8\" data-start=\"3000\" data-end=\"3035\">\n<p data-start=\"3002\" data-end=\"3035\">Governan\u00e7a e seguran\u00e7a de dados<\/p>\n<\/li>\n<\/ul>\n<hr data-start=\"3037\" data-end=\"3040\" \/>\n<h3 data-section-id=\"5u4oum\" data-start=\"3042\" data-end=\"3070\"><strong data-start=\"3046\" data-end=\"3070\">Por que a InfoChoice<\/strong><\/h3>\n<p data-start=\"3072\" data-end=\"3133\">Transformar legado em vantagem competitiva exige experi\u00eancia.<\/p>\n<p data-start=\"3135\" data-end=\"3323\">\u2714 Vis\u00e3o estrat\u00e9gica de cloud e dados<br data-start=\"3171\" data-end=\"3174\" \/>\u2714 Experi\u00eancia em ambientes corporativos complexos<br data-start=\"3223\" data-end=\"3226\" \/>\u2714 Integra\u00e7\u00e3o entre legado, cloud e intelig\u00eancia<br data-start=\"3273\" data-end=\"3276\" \/>\u2714 Foco em continuidade, governan\u00e7a e evolu\u00e7\u00e3o<\/p>\n<hr data-start=\"3325\" data-end=\"3328\" \/>\n<h3 data-section-id=\"l0t72t\" data-start=\"3330\" data-end=\"3378\"><strong data-start=\"3334\" data-end=\"3378\">Transformar n\u00e3o \u00e9 substituir. \u00c9 evoluir.<\/strong><\/h3>\n<p data-start=\"3380\" data-end=\"3465\">A verdadeira transforma\u00e7\u00e3o digital n\u00e3o descarta o passado.<br data-start=\"3438\" data-end=\"3441\" \/>Ela o integra ao futuro.<\/p>\n<p data-start=\"3467\" data-end=\"3604\">A InfoChoice, em parceria com a IBM, transforma ambientes complexos em <strong data-start=\"3538\" data-end=\"3603\">plataformas modernas, seguras e preparadas para o crescimento<\/strong>.<\/p>\n<hr data-start=\"3606\" data-end=\"3609\" \/>\n<h3 data-section-id=\"1v9j5mi\" data-start=\"3611\" data-end=\"3632\"><strong data-start=\"3615\" data-end=\"3632\">Pr\u00f3ximo passo<\/strong><\/h3>\n<p data-start=\"3634\" data-end=\"3718\">Se sua empresa precisa modernizar com seguran\u00e7a e governan\u00e7a, fale com a InfoChoice.<\/p>\n<p data-start=\"3720\" data-end=\"3813\">Vamos transformar seu ambiente atual em uma <strong data-start=\"3764\" data-end=\"3812\">arquitetura h\u00edbrida, inteligente e escal\u00e1vel<\/strong>.<\/p>\n\n\n<hr class=\"wp-block-separator has-alpha-channel-opacity\"\/>\n\n\n\n<p class=\"has-large-font-size\"><strong>Transpar\u00eancia sobre parcerias e ecossistemas tecnol\u00f3gicos<\/strong><\/p>\n\n\n\n<p>A InfoChoice mant\u00e9m relacionamento ativo com diversos fabricantes de tecnologia, atuando dentro de seus ecossistemas por meio de programas de parceria, capacita\u00e7\u00e3o cont\u00ednua, registros de oportunidades, certifica\u00e7\u00f5es e integra\u00e7\u00e3o com distribuidores oficiais.<\/p>\n\n\n\n<p>\u00c9 importante destacar que a presen\u00e7a em listagens p\u00fablicas de parceiros varia conforme crit\u00e9rios espec\u00edficos de cada fabricante, n\u00e3o refletindo necessariamente o n\u00edvel de atua\u00e7\u00e3o, capacita\u00e7\u00e3o ou relacionamento comercial existente.<\/p>\n\n\n\n<p>Nosso compromisso \u00e9 com a transpar\u00eancia, a \u00e9tica e a entrega de solu\u00e7\u00f5es alinhadas \u00e0s melhores pr\u00e1ticas do mercado, sempre com base em rela\u00e7\u00f5es leg\u00edtimas e verific\u00e1veis.<\/p>\n\n\n\n<hr class=\"wp-block-separator has-alpha-channel-opacity\"\/>\n","protected":false},"excerpt":{"rendered":"<p>Parceria com a IBM \u2013 Cloud H\u00edbrida, Governan\u00e7a e Intelig\u00eancia para Ambientes Corporativos Complexos Nem toda transforma\u00e7\u00e3o digital come\u00e7a do zero.Na verdade, a maioria come\u00e7a com sistemas j\u00e1 existentes, processos cr\u00edticos e alta complexidade. A InfoChoice, em parceria com a IBM, entrega uma abordagem de cloud focada em integra\u00e7\u00e3o, governan\u00e7a e evolu\u00e7\u00e3o de ambientes corporativos, [&hellip;]<\/p>\n","protected":false},"author":1,"featured_media":0,"parent":0,"menu_order":0,"comment_status":"closed","ping_status":"closed","template":"","meta":{"footnotes":""},"class_list":["post-281","page","type-page","status-publish","hentry"],"yoast_head":"<!-- This site is optimized with the Yoast SEO plugin v27.6 - https:\/\/yoast.com\/product\/yoast-seo-wordpress\/ -->\n<title>Revenda e Parceiro IBM - InfoChoice Tecnologia<\/title>\n<meta name=\"description\" content=\"Desde os nossos principais produtos para infraestrutura de nuvem h\u00edbrida empresarial at\u00e9 solu\u00e7\u00f5es de IA, seguran\u00e7a e armazenamento de \u00faltima gera\u00e7\u00e3o, encontre a resposta para o seu desafio de neg\u00f3cios.\" \/>\n<meta name=\"robots\" content=\"index, follow, max-snippet:-1, max-image-preview:large, max-video-preview:-1\" \/>\n<link rel=\"canonical\" href=\"https:\/\/infochoice.com.br\/site\/index.php\/revenda-ibm\/\" \/>\n<meta property=\"og:locale\" content=\"pt_BR\" \/>\n<meta property=\"og:type\" content=\"article\" \/>\n<meta property=\"og:title\" content=\"Revenda e Parceiro IBM - InfoChoice Tecnologia\" \/>\n<meta property=\"og:description\" content=\"Desde os nossos principais produtos para infraestrutura de nuvem h\u00edbrida empresarial at\u00e9 solu\u00e7\u00f5es de IA, seguran\u00e7a e armazenamento de \u00faltima gera\u00e7\u00e3o, encontre a resposta para o seu desafio de neg\u00f3cios.\" \/>\n<meta property=\"og:url\" content=\"https:\/\/infochoice.com.br\/site\/index.php\/revenda-ibm\/\" \/>\n<meta property=\"og:site_name\" content=\"InfoChoice Tecnologia\" \/>\n<meta property=\"article:publisher\" content=\"https:\/\/www.facebook.com\/infochoicetecnologia\" \/>\n<meta property=\"article:modified_time\" content=\"2026-04-03T14:09:04+00:00\" \/>\n<meta name=\"twitter:card\" content=\"summary_large_image\" \/>\n<meta name=\"twitter:site\" content=\"@infochoicetecnologia\" \/>\n<meta name=\"twitter:label1\" content=\"Est. tempo de leitura\" \/>\n\t<meta name=\"twitter:data1\" content=\"3 minutos\" \/>\n<script type=\"application\/ld+json\" class=\"yoast-schema-graph\">{\"@context\":\"https:\\\/\\\/schema.org\",\"@graph\":[{\"@type\":\"WebPage\",\"@id\":\"https:\\\/\\\/infochoice.com.br\\\/site\\\/index.php\\\/revenda-ibm\\\/\",\"url\":\"https:\\\/\\\/infochoice.com.br\\\/site\\\/index.php\\\/revenda-ibm\\\/\",\"name\":\"Revenda e Parceiro IBM - InfoChoice Tecnologia\",\"isPartOf\":{\"@id\":\"https:\\\/\\\/infochoice.com.br\\\/site\\\/#website\"},\"datePublished\":\"2019-09-22T14:03:49+00:00\",\"dateModified\":\"2026-04-03T14:09:04+00:00\",\"description\":\"Desde os nossos principais produtos para infraestrutura de nuvem h\u00edbrida empresarial at\u00e9 solu\u00e7\u00f5es de IA, seguran\u00e7a e armazenamento de \u00faltima gera\u00e7\u00e3o, encontre a resposta para o seu desafio de neg\u00f3cios.\",\"breadcrumb\":{\"@id\":\"https:\\\/\\\/infochoice.com.br\\\/site\\\/index.php\\\/revenda-ibm\\\/#breadcrumb\"},\"inLanguage\":\"pt-BR\",\"potentialAction\":[{\"@type\":\"ReadAction\",\"target\":[\"https:\\\/\\\/infochoice.com.br\\\/site\\\/index.php\\\/revenda-ibm\\\/\"]}]},{\"@type\":\"BreadcrumbList\",\"@id\":\"https:\\\/\\\/infochoice.com.br\\\/site\\\/index.php\\\/revenda-ibm\\\/#breadcrumb\",\"itemListElement\":[{\"@type\":\"ListItem\",\"position\":1,\"name\":\"Home\",\"item\":\"https:\\\/\\\/infochoice.com.br\\\/site\\\/\"},{\"@type\":\"ListItem\",\"position\":2,\"name\":\"Revenda e Parceiro IBM\"}]},{\"@type\":\"WebSite\",\"@id\":\"https:\\\/\\\/infochoice.com.br\\\/site\\\/#website\",\"url\":\"https:\\\/\\\/infochoice.com.br\\\/site\\\/\",\"name\":\"InfoChoice Tecnologia\",\"description\":\"Solu\u00e7\u00f5es e decis\u00f5es estrat\u00e9gicas guiadas por confian\u00e7a, prop\u00f3sito e responsabilidade..\",\"publisher\":{\"@id\":\"https:\\\/\\\/infochoice.com.br\\\/site\\\/#organization\"},\"alternateName\":\"InfoChoice Tecnologia\",\"potentialAction\":[{\"@type\":\"SearchAction\",\"target\":{\"@type\":\"EntryPoint\",\"urlTemplate\":\"https:\\\/\\\/infochoice.com.br\\\/site\\\/?s={search_term_string}\"},\"query-input\":{\"@type\":\"PropertyValueSpecification\",\"valueRequired\":true,\"valueName\":\"search_term_string\"}}],\"inLanguage\":\"pt-BR\"},{\"@type\":\"Organization\",\"@id\":\"https:\\\/\\\/infochoice.com.br\\\/site\\\/#organization\",\"name\":\"InfoChoice\",\"alternateName\":\"InfoChoice Tecnologia\",\"url\":\"https:\\\/\\\/infochoice.com.br\\\/site\\\/\",\"logo\":{\"@type\":\"ImageObject\",\"inLanguage\":\"pt-BR\",\"@id\":\"https:\\\/\\\/infochoice.com.br\\\/site\\\/#\\\/schema\\\/logo\\\/image\\\/\",\"url\":\"https:\\\/\\\/i0.wp.com\\\/infochoice.com.br\\\/site\\\/wp-content\\\/uploads\\\/2023\\\/10\\\/infochoice_ico.png?fit=215%2C219&ssl=1\",\"contentUrl\":\"https:\\\/\\\/i0.wp.com\\\/infochoice.com.br\\\/site\\\/wp-content\\\/uploads\\\/2023\\\/10\\\/infochoice_ico.png?fit=215%2C219&ssl=1\",\"width\":215,\"height\":219,\"caption\":\"InfoChoice\"},\"image\":{\"@id\":\"https:\\\/\\\/infochoice.com.br\\\/site\\\/#\\\/schema\\\/logo\\\/image\\\/\"},\"sameAs\":[\"https:\\\/\\\/www.facebook.com\\\/infochoicetecnologia\",\"https:\\\/\\\/x.com\\\/infochoicetecnologia\",\"https:\\\/\\\/www.instagram.com\\\/infochoicetecnologia\",\"https:\\\/\\\/www.youtube.com\\\/infochoicetecnologia\",\"https:\\\/\\\/www.linkedin.com\\\/infochoicetecnologia\"]}]}<\/script>\n<!-- \/ Yoast SEO plugin. -->","yoast_head_json":{"title":"Revenda e Parceiro IBM - InfoChoice Tecnologia","description":"Desde os nossos principais produtos para infraestrutura de nuvem h\u00edbrida empresarial at\u00e9 solu\u00e7\u00f5es de IA, seguran\u00e7a e armazenamento de \u00faltima gera\u00e7\u00e3o, encontre a resposta para o seu desafio de neg\u00f3cios.","robots":{"index":"index","follow":"follow","max-snippet":"max-snippet:-1","max-image-preview":"max-image-preview:large","max-video-preview":"max-video-preview:-1"},"canonical":"https:\/\/infochoice.com.br\/site\/index.php\/revenda-ibm\/","og_locale":"pt_BR","og_type":"article","og_title":"Revenda e Parceiro IBM - InfoChoice Tecnologia","og_description":"Desde os nossos principais produtos para infraestrutura de nuvem h\u00edbrida empresarial at\u00e9 solu\u00e7\u00f5es de IA, seguran\u00e7a e armazenamento de \u00faltima gera\u00e7\u00e3o, encontre a resposta para o seu desafio de neg\u00f3cios.","og_url":"https:\/\/infochoice.com.br\/site\/index.php\/revenda-ibm\/","og_site_name":"InfoChoice Tecnologia","article_publisher":"https:\/\/www.facebook.com\/infochoicetecnologia","article_modified_time":"2026-04-03T14:09:04+00:00","twitter_card":"summary_large_image","twitter_site":"@infochoicetecnologia","twitter_misc":{"Est. tempo de leitura":"3 minutos"},"schema":{"@context":"https:\/\/schema.org","@graph":[{"@type":"WebPage","@id":"https:\/\/infochoice.com.br\/site\/index.php\/revenda-ibm\/","url":"https:\/\/infochoice.com.br\/site\/index.php\/revenda-ibm\/","name":"Revenda e Parceiro IBM - InfoChoice Tecnologia","isPartOf":{"@id":"https:\/\/infochoice.com.br\/site\/#website"},"datePublished":"2019-09-22T14:03:49+00:00","dateModified":"2026-04-03T14:09:04+00:00","description":"Desde os nossos principais produtos para infraestrutura de nuvem h\u00edbrida empresarial at\u00e9 solu\u00e7\u00f5es de IA, seguran\u00e7a e armazenamento de \u00faltima gera\u00e7\u00e3o, encontre a resposta para o seu desafio de neg\u00f3cios.","breadcrumb":{"@id":"https:\/\/infochoice.com.br\/site\/index.php\/revenda-ibm\/#breadcrumb"},"inLanguage":"pt-BR","potentialAction":[{"@type":"ReadAction","target":["https:\/\/infochoice.com.br\/site\/index.php\/revenda-ibm\/"]}]},{"@type":"BreadcrumbList","@id":"https:\/\/infochoice.com.br\/site\/index.php\/revenda-ibm\/#breadcrumb","itemListElement":[{"@type":"ListItem","position":1,"name":"Home","item":"https:\/\/infochoice.com.br\/site\/"},{"@type":"ListItem","position":2,"name":"Revenda e Parceiro IBM"}]},{"@type":"WebSite","@id":"https:\/\/infochoice.com.br\/site\/#website","url":"https:\/\/infochoice.com.br\/site\/","name":"InfoChoice Tecnologia","description":"Solu\u00e7\u00f5es e decis\u00f5es estrat\u00e9gicas guiadas por confian\u00e7a, prop\u00f3sito e responsabilidade..","publisher":{"@id":"https:\/\/infochoice.com.br\/site\/#organization"},"alternateName":"InfoChoice Tecnologia","potentialAction":[{"@type":"SearchAction","target":{"@type":"EntryPoint","urlTemplate":"https:\/\/infochoice.com.br\/site\/?s={search_term_string}"},"query-input":{"@type":"PropertyValueSpecification","valueRequired":true,"valueName":"search_term_string"}}],"inLanguage":"pt-BR"},{"@type":"Organization","@id":"https:\/\/infochoice.com.br\/site\/#organization","name":"InfoChoice","alternateName":"InfoChoice Tecnologia","url":"https:\/\/infochoice.com.br\/site\/","logo":{"@type":"ImageObject","inLanguage":"pt-BR","@id":"https:\/\/infochoice.com.br\/site\/#\/schema\/logo\/image\/","url":"https:\/\/i0.wp.com\/infochoice.com.br\/site\/wp-content\/uploads\/2023\/10\/infochoice_ico.png?fit=215%2C219&ssl=1","contentUrl":"https:\/\/i0.wp.com\/infochoice.com.br\/site\/wp-content\/uploads\/2023\/10\/infochoice_ico.png?fit=215%2C219&ssl=1","width":215,"height":219,"caption":"InfoChoice"},"image":{"@id":"https:\/\/infochoice.com.br\/site\/#\/schema\/logo\/image\/"},"sameAs":["https:\/\/www.facebook.com\/infochoicetecnologia","https:\/\/x.com\/infochoicetecnologia","https:\/\/www.instagram.com\/infochoicetecnologia","https:\/\/www.youtube.com\/infochoicetecnologia","https:\/\/www.linkedin.com\/infochoicetecnologia"]}]}},"_links":{"self":[{"href":"https:\/\/infochoice.com.br\/site\/index.php\/wp-json\/wp\/v2\/pages\/281","targetHints":{"allow":["GET"]}}],"collection":[{"href":"https:\/\/infochoice.com.br\/site\/index.php\/wp-json\/wp\/v2\/pages"}],"about":[{"href":"https:\/\/infochoice.com.br\/site\/index.php\/wp-json\/wp\/v2\/types\/page"}],"author":[{"embeddable":true,"href":"https:\/\/infochoice.com.br\/site\/index.php\/wp-json\/wp\/v2\/users\/1"}],"replies":[{"embeddable":true,"href":"https:\/\/infochoice.com.br\/site\/index.php\/wp-json\/wp\/v2\/comments?post=281"}],"version-history":[{"count":12,"href":"https:\/\/infochoice.com.br\/site\/index.php\/wp-json\/wp\/v2\/pages\/281\/revisions"}],"predecessor-version":[{"id":4450,"href":"https:\/\/infochoice.com.br\/site\/index.php\/wp-json\/wp\/v2\/pages\/281\/revisions\/4450"}],"wp:attachment":[{"href":"https:\/\/infochoice.com.br\/site\/index.php\/wp-json\/wp\/v2\/media?parent=281"}],"curies":[{"name":"wp","href":"https:\/\/api.w.org\/{rel}","templated":true}]}}