{"id":683,"date":"2020-07-12T13:40:57","date_gmt":"2020-07-12T16:40:57","guid":{"rendered":"http:\/\/infochoice.com.br\/site\/?page_id=683"},"modified":"2026-03-17T22:23:02","modified_gmt":"2026-03-18T01:23:02","slug":"analise-preditiva","status":"publish","type":"page","link":"https:\/\/infochoice.com.br\/site\/index.php\/analise-preditiva\/","title":{"rendered":"An\u00e1lise Preditiva"},"content":{"rendered":"<h3 data-section-id=\"do9mzo\" data-start=\"464\" data-end=\"533\"><strong data-start=\"468\" data-end=\"533\">An\u00e1lise Preditiva \u2013 Antecipando Cen\u00e1rios e Decis\u00f5es com Dados<\/strong><\/h3>\n<p data-start=\"535\" data-end=\"618\">Empresas que competem hoje n\u00e3o analisam apenas o passado \u2014 elas antecipam o futuro.<\/p>\n<p data-start=\"620\" data-end=\"739\">A an\u00e1lise preditiva permite identificar padr\u00f5es, prever comportamentos e tomar decis\u00f5es antes que os eventos aconte\u00e7am.<\/p>\n<p data-start=\"741\" data-end=\"873\">A InfoChoice ajuda sua empresa a transformar dados em <strong data-start=\"795\" data-end=\"819\">previs\u00f5es acion\u00e1veis<\/strong>, reduzindo incertezas e criando vantagem competitiva.<\/p>\n<hr data-start=\"875\" data-end=\"878\" \/>\n<h3 data-section-id=\"xq1cnf\" data-start=\"880\" data-end=\"932\"><strong data-start=\"884\" data-end=\"932\">O problema real: decis\u00f5es ainda s\u00e3o reativas<\/strong><\/h3>\n<p data-start=\"934\" data-end=\"984\">A maioria das organiza\u00e7\u00f5es ainda opera baseada em:<\/p>\n<ul data-start=\"986\" data-end=\"1074\">\n<li data-section-id=\"16ydlqb\" data-start=\"986\" data-end=\"1011\">\n<p data-start=\"988\" data-end=\"1011\">Relat\u00f3rios hist\u00f3ricos<\/p>\n<\/li>\n<li data-section-id=\"zflm4q\" data-start=\"1012\" data-end=\"1039\">\n<p data-start=\"1014\" data-end=\"1039\">Intui\u00e7\u00e3o ou experi\u00eancia<\/p>\n<\/li>\n<li data-section-id=\"y83cz8\" data-start=\"1040\" data-end=\"1074\">\n<p data-start=\"1042\" data-end=\"1074\">Dados incompletos ou atrasados<\/p>\n<\/li>\n<\/ul>\n<p data-start=\"1076\" data-end=\"1159\">Isso gera:<br \/>\n\ud83d\udc49 decis\u00f5es tardias<br data-start=\"1106\" data-end=\"1109\" \/>\ud83d\udc49 perda de oportunidades<br data-start=\"1134\" data-end=\"1137\" \/>\ud83d\udc49 aumento de riscos<\/p>\n<p data-start=\"1161\" data-end=\"1268\">Empresas orientadas a dados evoluem para um novo n\u00edvel:<br data-start=\"1216\" data-end=\"1219\" \/>\ud83d\udc49 <strong data-start=\"1222\" data-end=\"1268\">decis\u00e3o antecipada e baseada em evid\u00eancias<\/strong><\/p>\n<hr data-start=\"1270\" data-end=\"1273\" \/>\n<h3 data-section-id=\"vmwfam\" data-start=\"1275\" data-end=\"1321\"><strong data-start=\"1279\" data-end=\"1321\">O que \u00e9 An\u00e1lise Preditiva (na pr\u00e1tica)<\/strong><\/h3>\n<p data-start=\"1323\" data-end=\"1517\">A an\u00e1lise preditiva utiliza dados hist\u00f3ricos combinados com estat\u00edstica e aprendizado de m\u00e1quina para prever eventos futuros e identificar padr\u00f5es ocultos<\/p>\n<p data-start=\"1519\" data-end=\"1544\">Na pr\u00e1tica, isso permite:<\/p>\n<ul data-start=\"1546\" data-end=\"1712\">\n<li data-section-id=\"beio6t\" data-start=\"1546\" data-end=\"1585\">\n<p data-start=\"1548\" data-end=\"1585\">Antecipar comportamento de clientes<\/p>\n<\/li>\n<li data-section-id=\"cjj0yz\" data-start=\"1586\" data-end=\"1614\">\n<p data-start=\"1588\" data-end=\"1614\">Prever demanda e consumo<\/p>\n<\/li>\n<li data-section-id=\"1khpoz0\" data-start=\"1615\" data-end=\"1647\">\n<p data-start=\"1617\" data-end=\"1647\">Identificar riscos e fraudes<\/p>\n<\/li>\n<li data-section-id=\"1i4tc65\" data-start=\"1648\" data-end=\"1678\">\n<p data-start=\"1650\" data-end=\"1678\">Evitar falhas operacionais<\/p>\n<\/li>\n<li data-section-id=\"1r9q5yx\" data-start=\"1679\" data-end=\"1712\">\n<p data-start=\"1681\" data-end=\"1712\">Otimizar processos e recursos<\/p>\n<\/li>\n<\/ul>\n<p data-start=\"1714\" data-end=\"1809\">Ou seja:<br data-start=\"1722\" data-end=\"1725\" \/>\ud83d\udc49 sair do \u201co que aconteceu\u201d<br data-start=\"1753\" data-end=\"1756\" \/>\ud83d\udc49 para o \u201co que vai acontecer \u2014 e o que fazer agora\u201d<\/p>\n<hr data-start=\"1811\" data-end=\"1814\" \/>\n<h3 data-section-id=\"1frbflt\" data-start=\"1816\" data-end=\"1886\"><strong data-start=\"1820\" data-end=\"1886\">Como a InfoChoice transforma previs\u00f5es em vantagem competitiva<\/strong><\/h3>\n<p data-start=\"1888\" data-end=\"1976\">Nosso diferencial n\u00e3o est\u00e1 apenas nos modelos \u2014 mas na <strong data-start=\"1943\" data-end=\"1975\">aplica\u00e7\u00e3o pr\u00e1tica no neg\u00f3cio<\/strong>:<\/p>\n<h4 data-start=\"1978\" data-end=\"2023\">\ud83d\udd39 Diagn\u00f3stico de maturidade anal\u00edtica<\/h4>\n<p data-start=\"2024\" data-end=\"2084\">Avaliamos se sua empresa est\u00e1 pronta para an\u00e1lise preditiva.<\/p>\n<h4 data-start=\"2086\" data-end=\"2129\">\ud83d\udd39 Estrutura\u00e7\u00e3o de dados e vari\u00e1veis<\/h4>\n<p data-start=\"2130\" data-end=\"2183\">Preparamos a base necess\u00e1ria para modelos confi\u00e1veis.<\/p>\n<h4 data-start=\"2185\" data-end=\"2232\">\ud83d\udd39 Desenvolvimento de modelos preditivos<\/h4>\n<p data-start=\"2233\" data-end=\"2302\">Aplicamos t\u00e9cnicas estat\u00edsticas e IA para gerar previs\u00f5es relevantes.<\/p>\n<h4 data-start=\"2304\" data-end=\"2349\">\ud83d\udd39 Integra\u00e7\u00e3o com processos e decis\u00f5es<\/h4>\n<p data-start=\"2350\" data-end=\"2399\">Levamos os insights para o dia a dia da opera\u00e7\u00e3o.<\/p>\n<hr data-start=\"2401\" data-end=\"2404\" \/>\n<h3 data-section-id=\"hd34m3\" data-start=\"2406\" data-end=\"2442\"><strong data-start=\"2410\" data-end=\"2442\">Capacidades que mudam o jogo<\/strong><\/h3>\n<p data-start=\"2444\" data-end=\"2484\">Com an\u00e1lise preditiva, sua empresa pode:<\/p>\n<ul data-start=\"2486\" data-end=\"2803\">\n<li data-section-id=\"1plq2v5\" data-start=\"2486\" data-end=\"2586\">\n<p data-start=\"2488\" data-end=\"2586\">Antecipar tend\u00eancias de mercado e comportamento do cliente<\/p>\n<\/li>\n<li data-section-id=\"5g5syh\" data-start=\"2587\" data-end=\"2673\">\n<p data-start=\"2589\" data-end=\"2673\">Reduzir custos com planejamento mais preciso<\/p>\n<\/li>\n<li data-section-id=\"6we6w4\" data-start=\"2674\" data-end=\"2719\">\n<p data-start=\"2676\" data-end=\"2719\">Identificar riscos e agir preventivamente<\/p>\n<\/li>\n<li data-section-id=\"41y3x9\" data-start=\"2720\" data-end=\"2755\">\n<p data-start=\"2722\" data-end=\"2755\">Aumentar efici\u00eancia operacional<\/p>\n<\/li>\n<li data-section-id=\"1xmopry\" data-start=\"2756\" data-end=\"2803\">\n<p data-start=\"2758\" data-end=\"2803\">Melhorar experi\u00eancia e reten\u00e7\u00e3o de clientes<\/p>\n<\/li>\n<\/ul>\n<p data-start=\"2805\" data-end=\"2975\">Empresas que utilizam an\u00e1lise preditiva conseguem tomar decis\u00f5es mais r\u00e1pidas e embasadas, aumentando efici\u00eancia e competitividade<\/p>\n<hr data-start=\"2977\" data-end=\"2980\" \/>\n<h3 data-section-id=\"1lzh98b\" data-start=\"2982\" data-end=\"3030\"><strong data-start=\"2986\" data-end=\"3030\">Onde a an\u00e1lise preditiva gera mais valor<\/strong><\/h3>\n<ul data-start=\"3032\" data-end=\"3275\">\n<li data-section-id=\"1nwoifx\" data-start=\"3032\" data-end=\"3094\">\n<p data-start=\"3034\" data-end=\"3094\">Marketing e vendas (previs\u00e3o de demanda, churn, convers\u00e3o)<\/p>\n<\/li>\n<li data-section-id=\"1txfgvn\" data-start=\"3095\" data-end=\"3136\">\n<p data-start=\"3097\" data-end=\"3136\">Financeiro (risco de cr\u00e9dito, fraude)<\/p>\n<\/li>\n<li data-section-id=\"v7kh5w\" data-start=\"3137\" data-end=\"3185\">\n<p data-start=\"3139\" data-end=\"3185\">Opera\u00e7\u00f5es (manuten\u00e7\u00e3o preditiva, efici\u00eancia)<\/p>\n<\/li>\n<li data-section-id=\"h43ndj\" data-start=\"3186\" data-end=\"3229\">\n<p data-start=\"3188\" data-end=\"3229\">Supply chain (planejamento e log\u00edstica)<\/p>\n<\/li>\n<li data-section-id=\"ztarag\" data-start=\"3230\" data-end=\"3275\">\n<p data-start=\"3232\" data-end=\"3275\">Recursos humanos (reten\u00e7\u00e3o e performance)<\/p>\n<\/li>\n<\/ul>\n<hr data-start=\"3277\" data-end=\"3280\" \/>\n<h3 data-section-id=\"5u4oum\" data-start=\"3282\" data-end=\"3310\"><strong data-start=\"3286\" data-end=\"3310\">Por que a InfoChoice<\/strong><\/h3>\n<p data-start=\"3312\" data-end=\"3360\">Porque prever n\u00e3o \u00e9 suficiente \u2014 \u00e9 preciso agir.<\/p>\n<p data-start=\"3362\" data-end=\"3536\">\u2714 Vis\u00e3o estrat\u00e9gica orientada a neg\u00f3cio<br data-start=\"3401\" data-end=\"3404\" \/>\u2714 Integra\u00e7\u00e3o entre dados, IA e processos<br data-start=\"3444\" data-end=\"3447\" \/>\u2714 Experi\u00eancia em ambientes corporativos complexos<br data-start=\"3496\" data-end=\"3499\" \/>\u2714 Foco em impacto real e mensur\u00e1vel<\/p>\n<hr data-start=\"3538\" data-end=\"3541\" \/>\n<h3 data-section-id=\"1hei02c\" data-start=\"3543\" data-end=\"3603\"><strong data-start=\"3547\" data-end=\"3603\">O futuro n\u00e3o \u00e9 previsto \u2014 ele \u00e9 constru\u00eddo com dados<\/strong><\/h3>\n<p data-start=\"3605\" data-end=\"3651\">A an\u00e1lise preditiva transforma dados em vis\u00e3o.<\/p>\n<p data-start=\"3653\" data-end=\"3721\">A InfoChoice transforma essa vis\u00e3o em <strong data-start=\"3691\" data-end=\"3720\">decis\u00e3o, a\u00e7\u00e3o e resultado<\/strong>.<\/p>\n<hr data-start=\"3723\" data-end=\"3726\" \/>\n<h3 data-section-id=\"1v9j5mi\" data-start=\"3728\" data-end=\"3749\"><strong data-start=\"3732\" data-end=\"3749\">Pr\u00f3ximo passo<\/strong><\/h3>\n<p data-start=\"3751\" data-end=\"3852\">Se sua empresa quer evoluir de an\u00e1lises descritivas para decis\u00f5es antecipadas, fale com a InfoChoice.<\/p>\n<p data-start=\"3854\" data-end=\"3936\">Vamos transformar seus dados em <strong data-start=\"3886\" data-end=\"3935\">previs\u00e3o, intelig\u00eancia e vantagem competitiva<\/strong>.<\/p>\n","protected":false},"excerpt":{"rendered":"<p>An\u00e1lise Preditiva \u2013 Antecipando Cen\u00e1rios e Decis\u00f5es com Dados Empresas que competem hoje n\u00e3o analisam apenas o passado \u2014 elas antecipam o futuro. A an\u00e1lise preditiva permite identificar padr\u00f5es, prever comportamentos e tomar decis\u00f5es antes que os eventos aconte\u00e7am. A InfoChoice ajuda sua empresa a transformar dados em previs\u00f5es acion\u00e1veis, reduzindo incertezas e criando vantagem [&hellip;]<\/p>\n","protected":false},"author":1,"featured_media":0,"parent":0,"menu_order":0,"comment_status":"closed","ping_status":"closed","template":"","meta":{"footnotes":""},"class_list":["post-683","page","type-page","status-publish","hentry"],"yoast_head":"<!-- This site is optimized with the Yoast SEO plugin v27.6 - https:\/\/yoast.com\/product\/yoast-seo-wordpress\/ -->\n<title>An\u00e1lise Preditiva - InfoChoice Tecnologia<\/title>\n<meta name=\"description\" content=\"An\u00e1lise Preditiva. Big data \u00e9 uma realidade e veio para ficar. Os dados est\u00e3o cada vez mais abundantes, mais r\u00e1pidos e mais ricos.\" \/>\n<meta name=\"robots\" content=\"index, follow, max-snippet:-1, max-image-preview:large, max-video-preview:-1\" \/>\n<link rel=\"canonical\" href=\"https:\/\/infochoice.com.br\/site\/index.php\/analise-preditiva\/\" \/>\n<meta property=\"og:locale\" content=\"pt_BR\" \/>\n<meta property=\"og:type\" content=\"article\" \/>\n<meta property=\"og:title\" content=\"An\u00e1lise Preditiva - InfoChoice Tecnologia\" \/>\n<meta property=\"og:description\" content=\"An\u00e1lise Preditiva. Big data \u00e9 uma realidade e veio para ficar. Os dados est\u00e3o cada vez mais abundantes, mais r\u00e1pidos e mais ricos.\" \/>\n<meta property=\"og:url\" content=\"https:\/\/infochoice.com.br\/site\/index.php\/analise-preditiva\/\" \/>\n<meta property=\"og:site_name\" content=\"InfoChoice Tecnologia\" \/>\n<meta property=\"article:publisher\" content=\"https:\/\/www.facebook.com\/infochoicetecnologia\" \/>\n<meta property=\"article:modified_time\" content=\"2026-03-18T01:23:02+00:00\" \/>\n<meta name=\"twitter:card\" content=\"summary_large_image\" \/>\n<meta name=\"twitter:site\" content=\"@infochoicetecnologia\" \/>\n<meta name=\"twitter:label1\" content=\"Est. tempo de leitura\" \/>\n\t<meta name=\"twitter:data1\" content=\"2 minutos\" \/>\n<script type=\"application\/ld+json\" class=\"yoast-schema-graph\">{\"@context\":\"https:\\\/\\\/schema.org\",\"@graph\":[{\"@type\":\"WebPage\",\"@id\":\"https:\\\/\\\/infochoice.com.br\\\/site\\\/index.php\\\/analise-preditiva\\\/\",\"url\":\"https:\\\/\\\/infochoice.com.br\\\/site\\\/index.php\\\/analise-preditiva\\\/\",\"name\":\"An\u00e1lise Preditiva - InfoChoice Tecnologia\",\"isPartOf\":{\"@id\":\"https:\\\/\\\/infochoice.com.br\\\/site\\\/#website\"},\"datePublished\":\"2020-07-12T16:40:57+00:00\",\"dateModified\":\"2026-03-18T01:23:02+00:00\",\"description\":\"An\u00e1lise Preditiva. Big data \u00e9 uma realidade e veio para ficar. Os dados est\u00e3o cada vez mais abundantes, mais r\u00e1pidos e mais ricos.\",\"breadcrumb\":{\"@id\":\"https:\\\/\\\/infochoice.com.br\\\/site\\\/index.php\\\/analise-preditiva\\\/#breadcrumb\"},\"inLanguage\":\"pt-BR\",\"potentialAction\":[{\"@type\":\"ReadAction\",\"target\":[\"https:\\\/\\\/infochoice.com.br\\\/site\\\/index.php\\\/analise-preditiva\\\/\"]}]},{\"@type\":\"BreadcrumbList\",\"@id\":\"https:\\\/\\\/infochoice.com.br\\\/site\\\/index.php\\\/analise-preditiva\\\/#breadcrumb\",\"itemListElement\":[{\"@type\":\"ListItem\",\"position\":1,\"name\":\"Home\",\"item\":\"https:\\\/\\\/infochoice.com.br\\\/site\\\/\"},{\"@type\":\"ListItem\",\"position\":2,\"name\":\"An\u00e1lise Preditiva\"}]},{\"@type\":\"WebSite\",\"@id\":\"https:\\\/\\\/infochoice.com.br\\\/site\\\/#website\",\"url\":\"https:\\\/\\\/infochoice.com.br\\\/site\\\/\",\"name\":\"InfoChoice Tecnologia\",\"description\":\"Solu\u00e7\u00f5es e decis\u00f5es estrat\u00e9gicas guiadas por confian\u00e7a, prop\u00f3sito e responsabilidade..\",\"publisher\":{\"@id\":\"https:\\\/\\\/infochoice.com.br\\\/site\\\/#organization\"},\"alternateName\":\"InfoChoice Tecnologia\",\"potentialAction\":[{\"@type\":\"SearchAction\",\"target\":{\"@type\":\"EntryPoint\",\"urlTemplate\":\"https:\\\/\\\/infochoice.com.br\\\/site\\\/?s={search_term_string}\"},\"query-input\":{\"@type\":\"PropertyValueSpecification\",\"valueRequired\":true,\"valueName\":\"search_term_string\"}}],\"inLanguage\":\"pt-BR\"},{\"@type\":\"Organization\",\"@id\":\"https:\\\/\\\/infochoice.com.br\\\/site\\\/#organization\",\"name\":\"InfoChoice\",\"alternateName\":\"InfoChoice Tecnologia\",\"url\":\"https:\\\/\\\/infochoice.com.br\\\/site\\\/\",\"logo\":{\"@type\":\"ImageObject\",\"inLanguage\":\"pt-BR\",\"@id\":\"https:\\\/\\\/infochoice.com.br\\\/site\\\/#\\\/schema\\\/logo\\\/image\\\/\",\"url\":\"https:\\\/\\\/i0.wp.com\\\/infochoice.com.br\\\/site\\\/wp-content\\\/uploads\\\/2023\\\/10\\\/infochoice_ico.png?fit=215%2C219&ssl=1\",\"contentUrl\":\"https:\\\/\\\/i0.wp.com\\\/infochoice.com.br\\\/site\\\/wp-content\\\/uploads\\\/2023\\\/10\\\/infochoice_ico.png?fit=215%2C219&ssl=1\",\"width\":215,\"height\":219,\"caption\":\"InfoChoice\"},\"image\":{\"@id\":\"https:\\\/\\\/infochoice.com.br\\\/site\\\/#\\\/schema\\\/logo\\\/image\\\/\"},\"sameAs\":[\"https:\\\/\\\/www.facebook.com\\\/infochoicetecnologia\",\"https:\\\/\\\/x.com\\\/infochoicetecnologia\",\"https:\\\/\\\/www.instagram.com\\\/infochoicetecnologia\",\"https:\\\/\\\/www.youtube.com\\\/infochoicetecnologia\",\"https:\\\/\\\/www.linkedin.com\\\/infochoicetecnologia\"]}]}<\/script>\n<!-- \/ Yoast SEO plugin. -->","yoast_head_json":{"title":"An\u00e1lise Preditiva - InfoChoice Tecnologia","description":"An\u00e1lise Preditiva. Big data \u00e9 uma realidade e veio para ficar. Os dados est\u00e3o cada vez mais abundantes, mais r\u00e1pidos e mais ricos.","robots":{"index":"index","follow":"follow","max-snippet":"max-snippet:-1","max-image-preview":"max-image-preview:large","max-video-preview":"max-video-preview:-1"},"canonical":"https:\/\/infochoice.com.br\/site\/index.php\/analise-preditiva\/","og_locale":"pt_BR","og_type":"article","og_title":"An\u00e1lise Preditiva - InfoChoice Tecnologia","og_description":"An\u00e1lise Preditiva. Big data \u00e9 uma realidade e veio para ficar. Os dados est\u00e3o cada vez mais abundantes, mais r\u00e1pidos e mais ricos.","og_url":"https:\/\/infochoice.com.br\/site\/index.php\/analise-preditiva\/","og_site_name":"InfoChoice Tecnologia","article_publisher":"https:\/\/www.facebook.com\/infochoicetecnologia","article_modified_time":"2026-03-18T01:23:02+00:00","twitter_card":"summary_large_image","twitter_site":"@infochoicetecnologia","twitter_misc":{"Est. tempo de leitura":"2 minutos"},"schema":{"@context":"https:\/\/schema.org","@graph":[{"@type":"WebPage","@id":"https:\/\/infochoice.com.br\/site\/index.php\/analise-preditiva\/","url":"https:\/\/infochoice.com.br\/site\/index.php\/analise-preditiva\/","name":"An\u00e1lise Preditiva - InfoChoice Tecnologia","isPartOf":{"@id":"https:\/\/infochoice.com.br\/site\/#website"},"datePublished":"2020-07-12T16:40:57+00:00","dateModified":"2026-03-18T01:23:02+00:00","description":"An\u00e1lise Preditiva. Big data \u00e9 uma realidade e veio para ficar. Os dados est\u00e3o cada vez mais abundantes, mais r\u00e1pidos e mais ricos.","breadcrumb":{"@id":"https:\/\/infochoice.com.br\/site\/index.php\/analise-preditiva\/#breadcrumb"},"inLanguage":"pt-BR","potentialAction":[{"@type":"ReadAction","target":["https:\/\/infochoice.com.br\/site\/index.php\/analise-preditiva\/"]}]},{"@type":"BreadcrumbList","@id":"https:\/\/infochoice.com.br\/site\/index.php\/analise-preditiva\/#breadcrumb","itemListElement":[{"@type":"ListItem","position":1,"name":"Home","item":"https:\/\/infochoice.com.br\/site\/"},{"@type":"ListItem","position":2,"name":"An\u00e1lise Preditiva"}]},{"@type":"WebSite","@id":"https:\/\/infochoice.com.br\/site\/#website","url":"https:\/\/infochoice.com.br\/site\/","name":"InfoChoice Tecnologia","description":"Solu\u00e7\u00f5es e decis\u00f5es estrat\u00e9gicas guiadas por confian\u00e7a, prop\u00f3sito e responsabilidade..","publisher":{"@id":"https:\/\/infochoice.com.br\/site\/#organization"},"alternateName":"InfoChoice Tecnologia","potentialAction":[{"@type":"SearchAction","target":{"@type":"EntryPoint","urlTemplate":"https:\/\/infochoice.com.br\/site\/?s={search_term_string}"},"query-input":{"@type":"PropertyValueSpecification","valueRequired":true,"valueName":"search_term_string"}}],"inLanguage":"pt-BR"},{"@type":"Organization","@id":"https:\/\/infochoice.com.br\/site\/#organization","name":"InfoChoice","alternateName":"InfoChoice Tecnologia","url":"https:\/\/infochoice.com.br\/site\/","logo":{"@type":"ImageObject","inLanguage":"pt-BR","@id":"https:\/\/infochoice.com.br\/site\/#\/schema\/logo\/image\/","url":"https:\/\/i0.wp.com\/infochoice.com.br\/site\/wp-content\/uploads\/2023\/10\/infochoice_ico.png?fit=215%2C219&ssl=1","contentUrl":"https:\/\/i0.wp.com\/infochoice.com.br\/site\/wp-content\/uploads\/2023\/10\/infochoice_ico.png?fit=215%2C219&ssl=1","width":215,"height":219,"caption":"InfoChoice"},"image":{"@id":"https:\/\/infochoice.com.br\/site\/#\/schema\/logo\/image\/"},"sameAs":["https:\/\/www.facebook.com\/infochoicetecnologia","https:\/\/x.com\/infochoicetecnologia","https:\/\/www.instagram.com\/infochoicetecnologia","https:\/\/www.youtube.com\/infochoicetecnologia","https:\/\/www.linkedin.com\/infochoicetecnologia"]}]}},"_links":{"self":[{"href":"https:\/\/infochoice.com.br\/site\/index.php\/wp-json\/wp\/v2\/pages\/683","targetHints":{"allow":["GET"]}}],"collection":[{"href":"https:\/\/infochoice.com.br\/site\/index.php\/wp-json\/wp\/v2\/pages"}],"about":[{"href":"https:\/\/infochoice.com.br\/site\/index.php\/wp-json\/wp\/v2\/types\/page"}],"author":[{"embeddable":true,"href":"https:\/\/infochoice.com.br\/site\/index.php\/wp-json\/wp\/v2\/users\/1"}],"replies":[{"embeddable":true,"href":"https:\/\/infochoice.com.br\/site\/index.php\/wp-json\/wp\/v2\/comments?post=683"}],"version-history":[{"count":4,"href":"https:\/\/infochoice.com.br\/site\/index.php\/wp-json\/wp\/v2\/pages\/683\/revisions"}],"predecessor-version":[{"id":3684,"href":"https:\/\/infochoice.com.br\/site\/index.php\/wp-json\/wp\/v2\/pages\/683\/revisions\/3684"}],"wp:attachment":[{"href":"https:\/\/infochoice.com.br\/site\/index.php\/wp-json\/wp\/v2\/media?parent=683"}],"curies":[{"name":"wp","href":"https:\/\/api.w.org\/{rel}","templated":true}]}}